hat is the value of (1 + -4 - -7) + 0 + -3?
1
Evaluate (-7 - (5 - 18)) + -8.
-2
(-3 - (0 - 5)) + (-2 - 1)
-1
Evaluate (-3 - -4) + (-3 - (5 - 3)).
-4
What is -5 + 8 + -4 + -1?
-2
What is the value of -2 + 0 - 3 - (0 + -7)?
2
0 + 0 + (17 - 7) + -5
5
What is the value of 1 + (3 - ((7 - 6) + -4))?
7
What is the value of 3 + 1 - (7 - 4)?
1
What is (18 + -13 - (8 + -1)) + 4?
2
-9 + 0 + 11 - -2
4
What is the value of 6 + (6 - 3) - 5?
4
What is the value of -6 + 5 + (-2 - (4 - 2))?
-5
3 + (-28 - -17) + (7 - 1)
-2
Evaluate 2 - -3 - 2 - (0 - 1).
4
Evaluate 3 + (-11 + -1 + 5 - -4).
0
What is (14 - 2) + (-57 - -55)?
10
What is (13 - (-3 - -5)) + -10?
1
What is the value of 7 + -7 + 0 + 1?
1
Calculate 10 + -6 + 2 + -6.
0
Evaluate 33 + -35 + (3 - 0).
1
Calculate 1 + (5 - 1) - (-2 + 4).
3
What is the value of -1 + 6 - 9 - -4?
0
What is -4 + 5 + (-2 - -5)?
4
Evaluate (1 - (-4 - -8)) + 4.
1
Evaluate -12 + 22 + 1 + -3.
8
What is the value of 9 - 2 - (-1 + 15) - -7?
0
0 + 1 + -15 + 42 + -24
4
Calculate (-9 - -5 - (0 - 2)) + 5.
3
What is 6 + (0 - 0 - (-4 + 6))?
4
Calculate 2 + (2 - -1) + (1 - 2).
4
Calculate 0 + -2 + 2 + (7 - 10).
-3
(-1 + 1 - -9) + -1 + -3
5
What is the value of 9 - (5 + 3) - 8?
-7
Evaluate 5 + -7 + -15 + 14.
-3
(-1 - 2 - (-3 + -2)) + -4
-2
Evaluate -52 + 56 + 1 + -12.
-7
What is -15 + 13 + (-2 - 0)?
-4
Calculate (0 - (2 + -3 - -4)) + 8.
5
10 - (-1 + 13 + 2)
-4
Calculate 7 + 0 + -16 + 6.
-3
Evaluate 66 + -56 - (17 + 1).
-8
What is the value of -12 + 4 + 10 + -8 - -5?
-1
1 - 0 - (-2 + (-9 - -7))
5
What is the value of 12 - 6 - (4 - 2)?
4
-56 + 61 + (1 - 9)
-3
What is (10 - 5) + (26 - 23)?
8
What is the value of 0 + (6 - (3 - (3 - 4)))?
2
0 - 2 - (7 - 6)
-3
(10 - 3) + -7 + -2
-2
What is the value of 0 + (1 + -3 - (1 + -4))?
1
Calculate (-4 - (-5 + 4)) + 0.
-3
What is 5 - (2 + -2 - -3)?
2
What is the value of 0 + -4 + (13 - 3)?
6
13 + -11 - (-9 + 12)
-1
Calculate 1 - 0 - 2 - -3.
2
-3 - (2 - (5 + -2 + 3))
1
What is 4 - 4 - -2 - -2?
4
Calculate (-3 - 0 - (-28 + 22)) + -6.
-3
Calculate (1 + 6 - (-21 + 25)) + -2.
1
Evaluate 0 - -7 - (-2 + 0 + 5).
4
Calculate 2 + -9 + 3 + (3 - 4).
-5
(1 - (-1 + 0 + 1)) + 2
3
Calculate 0 - 1 - (14 + -19).
4
What is the value of 1 - (4 + (-11 - -4))?
4
What is -12 - (-3 - 9 - -6)?
-6
What is the value of -48 + 44 + (2 - (-2 - 5))?
5
What is the value of 9 + 4 + (0 - 7) + -4?
2
What is the value of -3 + 6 - (2 + 3)?
-2
(-1 - -1) + (6 - (-1 + 10))
-3
Evaluate 7 - 8 - (0 - -2 - 7).
4
Calculate 5 + 1 - (28 - 19 - 8).
5
What is the value of 2 - -6 - (2 + -8 - -9)?
5
What is the value of 4 - (-8 + (-5 - (-8 - 5)))?
4
(-7 - -3) + -6 - -7 - -3
0
4 - (3 + -3 + 8) - -3
-1
Evaluate (-3 - 4) + 13 + -2.
4
5 + 0 - 1 - 7
-3
0 + -18 + 24 + -15 + 1
-8
Evaluate 2 - (-3 - -2 - 4).
7
What is the value of -7 - (5 - (10 - -4))?
2
What is the value of (-29 - -2 - -41) + (-7 - 1)?
6
What is the value of 2 + 1 + 2 + 1 + -6?
0
Calculate -3 + (-5 - 6) - -20.
6
What is -65 + 79 - (-1 + 0 + 6)?
9
What is -1 - (4 - 3 - -1)?
-3
What is the value of 8 + -3 - -4 - 5?
4
0 - ((1 - 3) + 7)
-5
Evaluate (4 - -2) + -7 + -4 - 0.
-5
What is -3 + 0 + -24 + 34 - 3?
4
Evaluate 4 + (5 - -5) + -8.
6
What is -4 + (6 + 0 - 6) + -3?
-7
What is the value of -3 - (1 + 1 - 6) - 2?
-1
What is the value of 0 + 12 - (-132 + 139)?
5
Calculate (-5 - (9 + -6)) + 4.
-4
What is the value of -5 - (-1 - (3 - 0))?
-1
-1 - 2 - (-24 - -22)
-1
16 + -4 - (0 - -6) - 0
6
Evaluate 11 + (8 - (9 - -5)).
5
Evaluate -1 + (-13 - -1) + (0 - -4).
-9
What is 0 - (0 + -2) - (13 - 11)?
0
What is -4 + 9 - 0 - 4?
1
7 + -8 + 4 + -2
1
What is the value of -4 + -3 - (14 - 19)?
-2
Calculate (-9 - -3) + 7 + -1.
0
-6 + 0 - ((16 - 35) + 3)
10
What is -1 + 1 + 9 + (-4 - 0)?
5
What is -8 - 4 - -24 - 11?
1
Evaluate -1 + 2 - ((-6 - -6) + -2).
3
-9 + 9 - -6 - (-1 + -1)
8
Calculate 0 + 0 + (-24 - -20) - -7.
3
What is 0 - (1 + -5 + 6)?
-2
What is the value of (-5 - -8 - 8) + 3?
-2
Evaluate -2 - (-3 - (-5 + -1)).
-5
(-11 - -8) + (12 - 1)
8
3 + -3 + -1 + 0 + 4
3
What is (0 + -2 - -6) + -4 - 1?
-1
What is the value of -6 + 0 + -16 + 12 + 4?
-6
What is the value of 4 - (2 + 4) - -5?
3
What is 1 - (-1 + 3) - (-327 - -330)?
-4
What is -5 - 2 - (-9 - -7) - -10?
5
-1 + 2 + (-10 - -7)
-2
Evaluate -1 - -1 - (7 - (0 + 5)).
-2
Calculate (-11 - -15) + -11 - 1.
-8
Calculate (-2 - (-2 + -2)) + -4.
-2
(9 - 18) + 8 + -2
-3
Calculate (7 - 0) + -11 + 7.
3
0 - (1 + -1 + -1 - -4)
-3
What is the value of -6 - (4 + -6 + -8 - -2)?
2
Evaluate 8 - (2 + (3 - 0)).
3
Calculate (11 - 6) + (-5 - 3).
-3
Evaluate -6 + -1 + (-1 - 4 - -5).
-7
What is -6 + 5 + (5 - 1)?
3
Evaluate 97 + -106 + (1 - -5).
-3
Evaluate -1 + (8 - 11) - (-1 + -7).
4
What is 8 + -9 - (14 + -18)?
3
What is (-4 + 0 - -3) + 3?
2
5 - (1 + 1 - (-7 + 6))
2
What is 5 - (19 - 14 - (1 + -2))?
-1
Evaluate (5 - -4) + -4 - (3 + 3).
-1
Calculate 0 + (-24 - -23 - (-5 + -1)).
5
6 + -9 - ((3 - -6) + -5)
-7
Calculate 10 + (1 + 0 - 2).
9
Evaluate -8 + 11 + -1 - (3 - 1).
0
What is the value of (13 - 19) + (-5 - (-4 - -1))?
-8
What is the value of (-5 - -6) + (-1 - 3) + 2?
-1
What is the value of -8 + (-12 - -14) - (-2 - -2)?
-6
What is the value of 3 + 1 + 0 + 1?
5
What is 0 - -3 - (-56 + 61)?
-2
What is (10 + -8 - 10) + 8?
0
What is 0 + (0 - -6) + -4?
2
3 - 12 - -7 - (1 - 1)
-2
What is (12 - 20) + (5 - 1)?
-4
-1 + 6 + (8 + 2 - 15)
0
Calculate 9 - 11 - (-7 + 2).
3
Evaluate (-1 - 16) + 6 + 6.
-5
5 + -3 + (8 - 8)
2
0 + 2 - -1 - 5
-2
Calculate (0 - 3) + (3 - 5).
-5
Calculate -1 + 13 + -6 + -3.
3
What is 4 + -9 + 1 - -1?
-3
Calculate -4 + 6 + 0 - 1 - -2.
3
-3 - (-5 + 1 + 8 + -8)
1
What is the value of 117 + -115 - (-1 + -3)?
6
Evaluate (-4 - (5 - 4)) + 9.
4
Calculate -4 - 2 - (5 - (2 + -1)).
-10
Evaluate -5 + (4 - 0 - (-8 - -7)).
0
-6 - (4 + -5) - -4
-1
(1 - 3) + 3 + (1 - 0)
2
Calculate 6 - ((-8 - -4) + 5).
5
What is (0 - 3 - -5) + -5 - 3?
-6
What is 0 + 1 - (12 + -5 + -3)?
-3
Evaluate (-20 - -49 - 16) + (-7 - -1).
7
22 + -20 - (2 + 2)
-2
Calculate (2 - 2 - (4 + -7)) + -3.
0
Calculate 11 - (3 + -1) - (0 + 1).
8
What is 2 - (-7 - (-5 + 4)) - 1?
7
Evaluate (-3 - -5) + (2 - -1).
5
Calculate 2 + -5 + 9 + -9 - -2.
-1
(4 - (-6 + 9)) + -7
-6
What is the value of (10 - (10 - 14)) + -17?
-3
Evaluate -1 - 0 - 2 - 3.
-6
Calculate -1 + 1 + 0 + (5 - 4).
1
Calculate 0 + (-2 - -1) - (-4 + 2).
1
-5 - (-1 - -7 - (12 - 8))
-7
Calculate -1 + 9 + 5 + -16.
-3
-9 - (-7 - -7 - 7)
-2
What is -1 + 4 - (-22 + 20)?
5
What is the value of (-2 - -1) + (10 - 7) + -1?
1
What is 0 + -8 - (-1 + -2)?
-5
Calculate -19 + 21 - (1 - (1 - -1)).
3
(1 - 2) + -1 + 6
4
1 + -3 + -148 + 148
-2
Calculate 16 + -23 - (-1 - 0 - 0).
-6
Calculate 2 + (1 - 0) + -10 - -5.
-2
Evaluate (3 - 5) + -3 + (9 - 3).
1
Calculate 30 - 29 - (-3 - (-1 + 0)).
3
Calculate -15 + -14 + (37 - 5).
3
What is -10 - -23 - 12 - 7?
-6
Evaluate 1 + -3 + -14 + 18.
2
What is the value of -3 + 6 + -7 + 4 - -2?
2
What is 1 + 0 + (-5 - -2)?
-2
-14 + 1 - (0 + 16 + -20)
-9
Evaluate 2 + (-5 - 4 - (-5 - 0)).
-2
What is (-2 - (0 - 4) - 1) + -5?
-4
Calculate 14 + (10 - -1) + -21.
4
What is the value of (33 - 20) + -10 + -2?
1
Evaluate (2 - (6 - -3)) + 2.
-5
-4 - (-1 - (-1 + 2) - 2)
0
-1 + -2 - (-6 - -7)
-4
What is 3 - (-6 + 4 - -4)?
1
Evaluate -9 - (9 - 11) - 1.
-8
What is the value of (-4 - 0) + 0 + 6?
2
-14 - -5 - (-3 - 2)
-4
-11 + -1 + 11 - (-1 + 1)
-1
What is the value of 1 + -7 - (-14 - -13)?
-5
Calculate 18 + -11 + -4 + -6.
-3
4 - ((2 - 1) + (6 - 5))
2
Calculate (-3 - (-11 - -5)) + 0.
3
(-9 - -3) + -5 + 9 - -7
5
Calculate 1 + (-3 - (-4 + -3)).
5
Calculate -4 + -6 - -4 - -4.
-2
What is 9 - (24 + (-9 - -2))?
-8
What is the value of (9 - 5) + (1 - 5)?
0
Calculate -3 - (-3 + -8 + 4 + 0).
4
What is the value of (0 - -4) + -2 - 5?
-3
Evaluate 7 + (-5 - -1 - (1 - 2)).
4
Calculate -1 + 0 + (50 - 55).
-6
Calculate (7 - -1) + (-21 - -8).
-5
3 - 1 - (-9 + 4 + 3)
4
What is the value of 0 - (6 + (0 - (-2 + 4)))?
-4
What is the value of (3 - -7 - 7) + -8?
-5
Evaluate 1 - -2 - (9 - 4 - 4).
2
Evaluate 3 + (5 - 15) + (19 - 15).
-3
1 + (0 - -8) + -5
4
Calculate 126 - 129 - (4 - (-2 + 4)).
-5
Calculate -5 + (-4 - 3) + 13.
1
(-1 - 2 - (2 - -2)) + 3
-4
What is the value of -1 - (-6 - -4) - -4?
5
0 - -2 - (-126 + 122)
6
(-2 + (-2 - 1) - -16) + -5
6
What is 5 + 3 - 4 - (5 + -1)?
0
0 + (1 + (2 - 6) 